+ 5*o + 39. Let s(l) be the second derivative of 19*l**4/12 - 7*l**3/6 - 59*l**2/2 + 214*l. Let v(z) = 8*g(z) + 5*s(z). Calculate v(8).
-7
Let v(d) be the first derivative of d**5/60 - 5*d**4/12 + 5*d**3/3 - 35*d**2 + 6. Let k(y) be the second derivative of v(y). Give k(9).
1
Let n(u) be the second derivative of u**6/120 - u**5/10 + u**4/8 + 5*u**3/6 - 65*u**2 + 3*u + 40. Let d(l) be the first derivative of n(l). Determine d(5).
-5
Let m = -150 - -156. Let a(k) = 21*k - 5*k - 9*k - m*k. Determine a(-5).
-5
Let o(r) = -1. Let f(n) = -2*n**3 - 42*n**2 - 2. Let v be f(-21). Let k(g) = -g**2 - 7*g - 4. Let z(a) = v*o(a) - k(a). Determine z(-5).
-4
Let m(p) = -2*p**3 + 13*p**2 + 15*p + 73. Let g be m(8). Let v(n) = 3*n - 2 + 0 + 12*n**2 - 4*n**2 + 0*n. Determine v(g).
9
Let d be (-15468)/108 + -2 + 2/9. Let f = d + 145. Let a(j) = -j**3 - j**2 - j + 9. Determine a(f).
9
Let u(f) = -5*f + 3. Let p(m) = -11*m + 5. Let y(j) = 2*p(j) - 5*u(j). Suppose 8*l = -157 - 115. Let g = 38 + l. Determine y(g).
7
Let w(o) be the first derivative of o**4/4 - 2*o**3 - 3*o**2/2 - 1729. Give w(7).
28
Let w(a) = -13*a + 402. Let x be w(36). Let v be 129/2 - (-3)/(-6). Let t = v + x. Let m(u) = -10*u. What is m(t)?
20
Let b(l) = 5*l**3 - 188*l**2 + 590*l + 1176. Let a(q) = q**3 - 38*q**2 + 114*q + 235. Let z(x) = 11*a(x) - 2*b(x). Give z(40).
-7
Let a(c) = -19*c - 7*c**2 + 17*c**3 - 40*c**3 + 7*c**3 + 36*c - 55 + 17*c**3. Give a(6).
11
Let j(t) = 4*t**2 - 43*t + 21. Suppose -4*q - 10 = -3*o, 6*q - 11*q = -25. Let v be j(o). Let m(h) = -2*h - 12. Determine m(v).
6
Let i(x) = -x**2 - 33*x + 12. Let w(b) = 32*b - 11. Let l(z) = 5*i(z) + 6*w(z). Let g be l(5). Let m(n) = 2*n**3 - 6*n**2 - n + 4. What is m(g)?
32
Suppose -3*i + 1 = -2*u + 31, 0 = 2*u - i - 30. Let y(f) = -f**3 + 15*f**2 + f - 11. Determine y(u).
4
Suppose 5*b - 9 = 356. Let o = b + -37. Let a be 9/o + 45/12. Let x(n) = -4*n + 2. Give x(a).
-14
Let k = -705 + 700. Let y(j) = j**2 + 8*j - 3. Give y(k).
-18
Let o(q) = q**3 + 6*q**2 + 4*q - 1. Suppose 0*u + 5*b - 74 = 3*u, -4*u + 2*b = 80. Let i be (-1 + -2)/(u/(-30)). Give o(i).
4
Let b(l) = 2*l + 27. Suppose -12*y + 16676 - 16652 = 0. What is b(y)?
31
Let p(g) = -g - 2*g + 2*g + 9*g**2. Let u(k) = -k**3 - 7*k**2 + 8. Let s be u(-7). Let r be (2 - -2)*-1 - (s - 11). Calculate p(r).
10
Let n be (1 - 1 - -1)*-5. Let i(h) = -5*h + 43. Let q(k) = -8*k + 71. Let a(x) = -10*i(x) + 6*q(x). Give a(n).
-14
Let m(d) = -7*d**3 + 2*d**2 - 3*d + 2. Let t = -864 - -3640. Suppose t = -6*a + 2782. What is m(a)?
-6
Let q = -40187 + 40185. Let h(x) = -1 + x**2 + 2*x + 2 - 8*x**2. Determine h(q).
-31
Let j(d) = -4*d + 23. Let a(t) = t**3 + 43*t**2 + 457*t + 34. Let k be a(-19). Determine j(k).
-37
Suppose 0 = 109*l - 81*l - 140. Let z(y) be the third derivative of -y**5/60 + y**4/8 + 115*y**2. What is z(l)?
-10
Let f(u) = 162 - u + 15*u - 344 + 163. Determine f(2).
9
Suppose 253*j = 259*j. Suppose -3*x + 24 = 6*t - 9*t, 5*x + 2*t - 26 = j. Let c(u) = -u**2 + 4*u + 5. Calculate c(x).
-7
Suppose -56*k = 56*k - 124*k + 132. Let q(y) = y**2 - 6*y - 2. Determine q(k).
53
Let b(d) be the third derivative of -d**4/3 + 3*d**3/2 + 33*d**2. Calculate b(2).
-7
Let v(y) = -y - 2. Let o(m) = 136 + 140 + 132 - 2*m - 402. Let c(w) = -o(w) + 4*v(w). What is c(-10)?
6
Let k(f) be the second derivative of -5*f**3/6 + 107*f**2 - 12596*f. Determine k(42).
4
Let j = -2 + -4. Let o(r) = -27*r**3 - 42*r**2 + 60*r + 12. Let k(g) = 5*g**3 + 8*g**2 - 12*g - 2. Let z(u) = -11*k(u) - 2*o(u). Calculate z(j).
-2
Let t(r) = 5*r**3 + 23*r**2 + 27*r + 13. Let a(i) = -6*i**3 - 24*i**2 - 29*i - 13. Suppose 0 = 32*u - 44*u - 48. Let l(s) = u*a(s) - 5*t(s). Determine l(-18).
5
Suppose 32 = -2*q + v + 12, -5*v = -3*q - 51. Let y(d) = -3*d**2 + 2*d + 4. Calculate y(q).
-157
Let w(a) be the first derivative of a**4/12 - 2*a**3/3 + 5*a**2 - 85*a - 74. Let q(t) be the first derivative of w(t). Give q(7).
31
Let n(m) be the second derivative of m**3/6 + 3*m**2/2 + 6*m. Suppose 2*r + r = -v + 41, r - 2 = 2*v. Let l be (-3 + (4 - 8/r))*-6. Give n(l).
1
Let i = -2504 - -2507. Let k(r) = -r**3 + 3*r**2 - r + 9. Calculate k(i).
6
Let f be 26/2 - (12 + -13). Let i be ((-24)/20)/3 - f/(-10). Let l(b) be the third derivative of b**4/6 + b**3/6 + 6*b**2. Give l(i).
5
Let a be (-3 - 3)/6 - 4. Let l(t) = 6*t + 1. Let i(n) = -6*n. Let z(q) = a*i(q) - 4*l(q). What is z(-3)?
-22
Let w(z) be the first derivative of z**3/3 + 15*z**2/2 - 94*z + 11139. What is w(-20)?
6
Let t be -13 + 26 + -7 - -9. Let x(i) = i**2 - 18*i + 43. Give x(t).
-2
Let z(d) = -95*d - 50. Let w(f) = -8*f - 4. Let r(u) = -40*w(u) + 3*z(u). Give r(0).
10
Let u(t) = -193*t + t**3 - 191*t - 190*t - 75 - 190*t + 762*t + 36*t**2. Calculate u(-36).
-3
Suppose -4*a - 14 = -r, 2*r + 2*r = -2*a + 56. Suppose -75*p = -r*p - 183. Let l(m) = -m**3 + 3*m**2 - 1. Give l(p).
-1
Suppose 2*n = -4*a + 14, -2*n + 0 + 4 = -a. Let m(h) be the first derivative of 4*h**3/3 - 3*h**2/2 + 3*h - 112. Calculate m(a).
13
Let s(h) = h**2 + 5*h - 12. Suppose 45*w = 787 + 248. Suppose -w + 17 = m. Determine s(m).
-6
Let n(w) be the third derivative of -1/2*w**3 - 5/12*w**4 + 0*w + 1/6*w**5 + 0 - 1/120*w**6 + 68*w**2. Calculate n(9).
-12
Let f(o) = 3 + 5189*o + 5177*o - 10365*o. Suppose 0 = 5*c + 5*n - 45, -2*c - 2*c - 5*n + 40 = 0. Suppose c*g - 4*g = 0. Determine f(g).
3
Let x(s) be the second derivative of -2*s**3/3 - 33*s**2/2 - 1851*s. Determine x(-9).
3
Let p(o) be the first derivative of -o**6/360 + o**5/12 - 2*o**4/3 - 19*o**3 - 112. Let w(y) be the third derivative of p(y). Determine w(7).
5
Let t(n) = -6*n + 1 - 5*n + 10*n. Let j(f) be the first derivative of 3*f**2/2 - 2*f - 1. Let s(y) = -j(y) - 5*t(y). Calculate s(6).
9
Let j(o) = o**2 - 3*o + 2. Let s(c) = -4*c**2 + 11*c - 8. Suppose 3*h = 6*h + 6. Let t(q) = h*s(q) - 9*j(q). Suppose 0 = 49*l - 147 - 98. What is t(l)?
-2
Let i(v) be the second derivative of 1/20*v**5 + 1/6*v**3 + 3/2*v**2 + 0 + 1/3*v**4 - 3*v. Let t(l) = l - 2. Let z be t(-1). Give i(z).
9
Let z(j) be the third derivative of -j**5/60 - j**4/12 + j**3/6 + 3116*j**2. Suppose -4*q - 5*t = -8, 2*q + 6 + 12 = 3*t. Calculate z(q).
-2
Let m = -79 + 40. Let w = -32 - m. Let j(o) = 131*o - 125*o + o**3 - 5 - w*o**2 + 1. What is j(6)?
-4
Let i = 77 + -64. Suppose -4 = -i*z + 11*z. Let y(l) = -6*l - 1. Give y(z).
-13
Suppose -52 = -7*n + 39. Let l(m) = -n - 12 + 31 + 12*m - 7. Calculate l(-1).
-13
Let q(h) = -5*h**2 + h. Let x(s) = 7*s - 57. Let t be x(10). Let f be t/((-39)/288) + -2 + 2. Let n be (6/(-15))/(f/(-20) - 5). Calculate q(n).
-18
Suppose 0 = 7*y + 5 + 2. Let f be -3 - y*(-4 + 10). Let l(r) = -7*r + 20*r - f - 6*r - 10*r. What is l(-7)?
18
Let o = 34 + -32. Let s = 20 - 15. Let z(p) = -5 - p**2 + s + 1. Calculate z(o).
-3
Suppose -3*f - 10 = -5*l + 1, 3*l + 5*f - 27 = 0. Suppose -l*q = -43 + 23. Let d(p) = q*p + 3*p + 2*p**2 - 16 - 3*p + 9. Calculate d(-5).
18
Let m be (57 + -8 + -5)/(-1 + (-2)/2). Let n(t) = -t**3 - 23*t**2 - 24*t - 40. Give n(m).
4
Suppose 4*i = -26 + 42. Let b(l) = 5 - 4 - 4 - 1 + i*l. Give b(-3).
-16
Let f = 12251 - 12241. Let v(z) = -z**2 + 36*z - 252. Determine v(f).
8
Let v(b) = -63 + 66 + 133 + 82 - 55*b + 5. Determine v(4).
3
Let j(l) = 33*l**3 - 33*l**2 - 25*l + 44. Let d(w) = -7*w**3 + 2*w - 1. Let r(q) = -5*d(q) - j(q). What is r(-16)?
-23
Let u = 13591 - 13589. Let y(i) be the second derivative of 23*i + 1/3*i**3 + 0*i**u + 0. Determine y(-1).
-2
Let y(l) = -444*l**2 + 891*l**2 - 448*l**2 - 7 + l. Let i be 2/(-11) - (-4)/22. Give y(i).
-7
Suppose 0 = -66*v + 1724 - 338. Let k(o) = -o**2 + 19*o + 39. Calculate k(v).
-3
Let i(t) = t**2 + 6*t + 3. Let n(y) = 3*y**2 - 16*y + 21. Suppose 7*j - 14*j + 35 = 0. Let m be n(j). Suppose 96 - 16 = -m*l. Determine i(l).
-2
Let x(n) = n + 4. Let u = -483 - -1042. Let r = -562 + u. Determine x(r).
1
Suppose 5*b + 3*n + 54 = 0, -830*b + 5*n = -826*b - 53. Let q(f) be the second derivative of -f**4/6 + f**3/6 + f**2 + f. Calculate q(b).
-19
Suppose 61 + 107 = 9*s + 12*s. Let w(i) = 3*i + 20. Determine w(s).
44
Let s(m) = m**2 - 4*m - 5. Let g = -123 - -125. Suppose -g*i + 14 = 3*p - 4, 5*p = i + 4. Calculate s(i).
7
Let u(l) = -21*l**3 + 3*l**2 - l + 6. Let k(j) = -17*j**3 + 2*j**2 + 6. Let d(m) = 